 - 19403*w + 194. Determine g(-196).
-2
Let g(t) = 30*t - 108. Calculate g(-10).
-408
Let h(z) = -4*z**2 - 128*z - 131. Give h(-31).
-7
Let j(f) = 148*f - 4448. Give j(30).
-8
Let s(g) = g**2 - 26*g - 56. Calculate s(28).
0
Let j(z) = 4*z**3 + 24*z**2 + 12*z - 5. What is j(-6)?
-77
Let s(p) = 88*p - 2110. Determine s(24).
2
Let v(f) = -281*f + 1925. What is v(7)?
-42
Let r(n) = -n**2 - 575*n - 4620. Calculate r(-8).
-84
Let z(v) = 13*v**2 - 10*v + 5. Determine z(1).
8
Let g(n) = -n**2 + 27*n + 69. Determine g(23).
161
Let i(n) = 5*n**2 + 14*n - 45. Give i(4).
91
Let o(d) = 433*d - 2155. Give o(5).
10
Let y(m) = -2*m**3 - 5*m**2 - 54*m - 103. Give y(-2).
1
Let d(h) = h**2 - 28*h - 89. Determine d(9).
-260
Let b(c) = 84*c + 2415. Calculate b(-29).
-21
Let d(g) = 590*g + 1751. Calculate d(-3).
-19
Let u(h) = 925*h + 15729. What is u(-17)?
4
Let v(f) = 2*f**3 + 4*f + 70. What is v(0)?
70
Let f(b) = -179*b - 4118. What is f(-23)?
-1
Let y(j) = -j**2 - 8*j - 17. Give y(-13).
-82
Let b(z) = -z**3 + 3*z**2 + 12*z - 44. What is b(4)?
-12
Let g(h) = -45*h**2 + 7*h + 2. Calculate g(-2).
-192
Let k(s) = -41*s**2 + 578*s - 31. Give k(14).
25
Let l(f) = -760*f - 1507. Determine l(-2).
13
Let b(c) = -c**2 - 58*c + 280. Calculate b(-64).
-104
Let q(g) = 6*g**2 + 7*g - 16. Give q(5).
169
Let y(a) = -159*a - 37214. Determine y(-234).
-8
Let b(v) = v**2 + 79*v - 779. Give b(10).
111
Let m(v) = v**2 + 8*v + 44. Determine m(-15).
149
Let z(u) = -u**2 + 50*u - 41. Give z(11).
388
Let j(m) = -m**2 + 97*m - 1305. Calculate j(17).
55
Let i(n) = n - 59. What is i(17)?
-42
Let k(h) = 10*h - 1. Give k(-26).
-261
Let f(q) = 239*q - 50678. Calculate f(212).
-10
Let u(n) = -1287*n - 20604. Determine u(-16).
-12
Let u(y) = -2*y**3 + 2*y**2 - 3*y - 260. What is u(0)?
-260
Let i(f) = -3*f**2 - 124*f - 1015. Give i(-10).
-75
Let i(o) = o**2 + 175*o + 10. Calculate i(-175).
10
Let f(r) = -r**3 - 53*r**2 + r + 83. Give f(-53).
30
Let v(c) = 40*c - 1416. Give v(35).
-16
Let k(l) = l**3 + 12*l**2 + 5*l - 4. What is k(-3)?
62
Let s(h) = -5*h**2 + 46*h + 12. Give s(9).
21
Let o(k) = -k**2 + 22*k + 714. Determine o(51).
-765
Let s(o) = -45*o + 25. Give s(0).
25
Let u(p) = -p**2 + 22*p + 30. What is u(25)?
-45
Let o(s) = -s**3 + 42*s**2 + 785*s + 32. Give o(-14).
18
Let n(g) = g**3 + 7*g**2 - 7*g + 21. What is n(-8)?
13
Let k(i) = 1076*i**2 - 3206*i + 2. Give k(3).
68
Let g(y) = -472*y + 132638. Calculate g(281).
6
Let p(k) = -k**2 - 66*k + 1594. Calculate p(19).
-21
Let y(q) = q**3 + 17*q**2 - q - 64. Calculate y(-17).
-47
Let o(c) = -1104*c - 25410. Give o(-23).
-18
Let m(p) = 5*p**3 - 2*p**2 - 24*p + 27. Determine m(1).
6
Let s(q) = -q**2 - 85*q - 1422. Calculate s(-23).
4
Let a(k) = -40*k - 5. Determine a(0).
-5
Let c(r) = -2*r**2 + 112*r + 2849. Give c(-19).
-1
Let h(f) = f**3 + 37*f**2 + 64*f + 54. Calculate h(-35).
264
Let t(m) = -83*m + 2932. Determine t(30).
442
Let i(k) = -316*k - 12334. What is i(-39)?
-10
Let s(g) = -g**3 + 276*g**2 - 1116*g + 7610. Determine s(272).
-6
Let t(d) = d**2 - 79*d + 772. Give t(12).
-32
Let t(z) = -38*z**2 + 167*z + 66. Determine t(5).
-49
Let r(t) = -149*t**3 - 16*t - 14. Determine r(-1).
151
Let j(d) = -1642*d + 6548. Give j(4).
-20
Let b(w) = w**3 + 17*w**2 - 163*w + 56. Give b(-24).
-64
Let w(l) = -10*l**2 - 30*l + 6. What is w(-6)?
-174
Let v(t) = -2*t + 170. Give v(-48).
266
Let i(h) = 7*h + 34. Give i(-19).
-99
Let c(y) = -2*y**3 - 4*y**2 + 69*y + 18. What is c(5)?
13
Let c(g) = g**3 + 23*g**2 + 297. What is c(-21)?
1179
Let q(d) = 2*d**3 - 23*d**2 + 25*d - 141. Determine q(11).
13
Let k(b) = 5*b**2 - 164*b + 979. Give k(25).
4
Let m(v) = 62*v + 3811. Give m(-61).
29
Let c(x) = -2*x**3 + 16*x**2 - 30*x + 29. What is c(6)?
-7
Let p(a) = -20*a**2 - 45*a. What is p(-1)?
25
Let k(i) = -i**2 - 83*i - 10. What is k(-7)?
522
Let l(k) = -164*k**2 + 2*k. Calculate l(1).
-162
Let d(w) = -13*w**2 - 67*w - 2. What is d(-5)?
8
Let a(s) = 83*s + 4785. Give a(-57).
54
Let f(y) = 3*y**2 + 49*y - 28. Determine f(-16).
-44
Let z(t) = t**2 - 42*t + 225. What is z(37)?
40
Let k(t) = 216*t - 1291. What is k(6)?
5
Let c(y) = 5*y**3 + 115*y**2 - 15*y - 37. Give c(-23).
308
Let v(x) = -3*x**3 + 532*x**2 - 295*x + 20885. Calculate v(177).
-1
Let i(z) = -80*z - 6473. What is i(-81)?
7
Let n(l) = -2*l**3 - l**2 + 4*l + 54. Calculate n(0).
54
Let x(n) = n**3 - 7*n**2 - 6*n + 65. Give x(6).
-7
Let s(k) = 12*k**2 + 67*k + 30. What is s(-5)?
-5
Let l(o) = o**3 + 22*o**2 + 73*o + 1101. Give l(-21).
9
Let h(x) = -350*x - 66. What is h(1)?
-416
Let d(h) = h**3 + 6*h**2 + 3*h - 16. Give d(-7).
-86
Let c(u) = u**2 - 426*u + 2933. Calculate c(7).
0
Let n(x) = 15865*x - 95177. Give n(6).
13
Let i(l) = l**2 - 89*l - 983. Determine i(-10).
7
Let c(j) = -5*j**3 - j**2 + 6*j + 8. Determine c(-2).
32
Let h(u) = u**3 - 11*u**2 - 30*u + 404. Give h(10).
4
Let m(y) = -155*y - 4019. What is m(-26)?
11
Let x(d) = 2*d**2 - 20*d + 36. Calculate x(5).
-14
Let j(a) = -17*a + 517. Determine j(34).
-61
Let u(s) = s**3 - 13*s**2 - 10*s - 311. Determine u(15).
-11
Let y(l) = -l**3 + 10*l**2 + 13*l - 1. Calculate y(11).
21
Let j(r) = r**3 + 17*r**2 - 23*r - 33. Give j(-18).
57
Let c(s) = 9*s**2 - 91*s + 20. Calculate c(10).
10
Let r(t) = -3*t**3 - 749*t**2 - 496*t + 506. What is r(-249)?
8
Let z(b) = -2*b**3 - 23*b**2 - 36*b - 229. What is z(-11)?
46
Let v(f) = f**2 - 172*f - 4674. Determine v(-24).
30
Let t(b) = -4*b**2 + 69*b - 275. Give t(8).
21
Let y(w) = -7*w**2 + 58*w - 434. Give y(7).
-371
Let x(m) = -m**3 - 90*m**2 - 2015*m + 30. What is x(-42)?
-12
Let z(q) = -5*q**2 + 115*q - 119. Determine z(22).
-9
Let v(w) = 235*w + 2564. What is v(-11)?
-21
Let s(x) = 107*x - 1456. Calculate s(16).
256
Let w(p) = -2902*p - 31912. Calculate w(-11).
10
Let p(c) = -c**3 - 23*c**2 + 102*c + 553. Give p(-26).
-71
Let o(i) = i**3 + 52*i**2 - 2*i - 61. Give o(-52).
43
Let k(y) = -2941*y + 167635. Give k(57).
-2
Let k(x) = x**2 + 6*x - 8. Give k(5).
47
Let i(b) = -18*b**2 + 46*b + 10. What is i(3)?
-14
Let j(s) = 3*s**2 - 8*s + 2. What is j(-5)?
117
Let l(f) = -f**2 + 107*f - 1873. Give l(85).
-3
Let a(c) = -69*c + 9596. Give a(139).
5
Let y(j) = 108*j + 5085. Calculate y(-47).
9
Let l(r) = 1436*r - 4295. What is l(3)?
13
Let n(t) = -25*t + 419. Calculate n(16).
19
Let h(z) = -3*z**3 - 7*z**2 - 35*z - 118. What is h(-3)?
5
Let d(y) = 27*y**2 - 22*y - 67. Calculate d(-5).
718
Let s(a) = -61*a + 1060. What is s(17)?
23
Let j(c) = -c**2 - 33*c + 384. Determine j(11).
-100
Let t(h) = -h**2 + 41*h - 48. What is t(35)?
162
Let d(c) = 3213*c + 9631. Calculate d(-3).
-8
Let v(j) = 87*j**2 + 9*j + 3. What is v(0)?
3
Let i(r) = 451*r - 83. What is i(1)?
368
Let i(k) = 2*k**2 - 126*k + 118. What is i(62)?
-6
Let t(u) = -3*u**2 + 110*u + 38. What is t(37)?
1
Let y(f) = -4*f**3 + 138*f**2 - 68*f + 14. What is y(34)?
14
Let k(q) = 38*q**3 - 7*q**2 - 7*q - 4. Give k(-1).
-42
Let m(r) = 164*r - 524. Determine m(2).
-196
Let t(f) = -4773*f - 42962. Calculate t(-9).
-5
Let z(n) = n**3 + 32*n**2 + 61*n + 31. Give z(-30).
1
Let o(n) = n**3 - 11*n**2 - 53*n + 159. Determine o(14).
5
Let a(u) = 16*u**2 + 44*u - 85. Calculate a(2).
67
Let t(l) = 378*l + 718. Determine t(-2).
-38
Let k(v) = v**3 - 36*v**2 + 118*v + 312. Determine k(32).
-8
Let z(w) = w**3 - 7*w**2 - 7*w + 3. Determine z(10).
233
Let z(g) = -164*g - 1648. Give z(-10).
-8
Let j(m) = -m**3 + 27*m**2 + 5*m - 72. What is j(27)?
63
Let u(l) = -102*l + 171. What is u(3)?
-135
Let d(j) = -2*j**2 + 11*j + 74. Determine d(17).
-317
Let y(q) = -40*q + 141. What is y(9)?
-219
Let i(u) = -20*u**2 - 8*u - 12. Give i(-5).
-472
Let i(c) = -c**2 + 131*c - 1200. Determine i(10).
10
Let i(c) = -29*c - 2511. Calculate i(-87).
12
Let y(d) = -d**3 - 20*d**2 - 40*d - 46. Calculate y(-18).
26
Let d(h) = -7*h + 146. What is d(10)?
76
Let z(d) = -2*d**3 - 24*d**2 - 38*d - 62. What is z(-10)?
-82
Let d(b) = 1262*b - 10118. Give d(8).
-22
Let k(l) = -l + 111. What is k(-6)?
117
Let u(q) = q**3 + 18*q**2 - 19*q - 15. Give u(-19).
-15
Let c(a) = a**2 + 11*a - 83. Give c(-14).
-41
Let w(s) = 5*s - 126. Calculate w(27).
9
Let g(t) = 5*t**2 - 4*t + 1. Give g(-2).
29
Let s(u) = -11461*u + 45831. What is s(4)?
-13
Let p(z) = -z**3 - 17*z**2 - 15*z - 68. Give p(-17).
187
Let d(u) = 2*u**3 + 2